mber?
False
Is 4968415 a composite number?
True
Is 315718061 composite?
True
Is 2040887047 composite?
False
Is 20958403 a prime number?
True
Is 49887881 a prime number?
True
Is 9730739 a prime number?
False
Is 5128183 a prime number?
False
Is 3812951 a composite number?
False
Is 350213 a composite number?
False
Is 32712107 a prime number?
False
Is 38844269 prime?
False
Is 36391939 composite?
True
Is 2330387 a composite number?
False
Is 513473 composite?
False
Is 2875169 a composite number?
True
Is 201149099 a composite number?
True
Is 120240229 a prime number?
False
Is 189740687 a prime number?
False
Is 41210311 composite?
False
Is 1842661 a composite number?
False
Is 12728071 a prime number?
False
Is 1907117 a composite number?
True
Is 85890001 a composite number?
True
Is 31927879 a prime number?
False
Is 10099247 composite?
False
Is 256513501 prime?
False
Is 7267873 a composite number?
True
Is 452309993 a composite number?
False
Is 2320797 a prime number?
False
Is 99189205 a composite number?
True
Is 396919 a prime number?
True
Is 18337369 a composite number?
False
Is 1750253 a composite number?
False
Is 84011149 composite?
False
Is 1608083 composite?
False
Is 91478809 a prime number?
False
Is 91025537 prime?
True
Is 33323923 prime?
True
Is 104459 a prime number?
True
Is 5615255 a composite number?
True
Is 126149 a composite number?
True
Is 6300807 composite?
True
Is 13888313 a prime number?
False
Is 337273169 a prime number?
True
Is 3832649 prime?
False
Is 29624719 composite?
False
Is 42415883 prime?
False
Is 5590241 a composite number?
False
Is 292274821 a composite number?
True
Is 13529519 a composite number?
False
Is 71453779 composite?
True
Is 1098869 a prime number?
False
Is 145974299 prime?
False
Is 2450219 a prime number?
True
Is 25523957 a composite number?
True
Is 92941169 a composite number?
False
Is 8281021 a composite number?
True
Is 74829 a composite number?
True
Is 173249 a prime number?
True
Is 6054239 a prime number?
False
Is 1116890767 a composite number?
False
Is 13476962 a composite number?
True
Is 1002379 a composite number?
True
Is 8660171 a composite number?
True
Is 22701487 composite?
True
Is 8565157 a composite number?
True
Is 26297261 prime?
False
Is 3841429 composite?
False
Is 12065857 composite?
False
Is 16008449 a prime number?
True
Is 21653 composite?
True
Is 147155927 a composite number?
True
Is 7150153 prime?
False
Is 1022279 composite?
True
Is 207929 prime?
False
Is 180819173 prime?
True
Is 438091 composite?
False
Is 1499677 a composite number?
True
Is 32901677 a prime number?
True
Is 543481 prime?
False
Is 314048051 a prime number?
True
Is 408228263 a composite number?
True
Is 59423271 a composite number?
True
Is 14143487 a prime number?
True
Is 345799 composite?
True
Is 46795061 prime?
False
Is 8779391 prime?
True
Is 57109589 a prime number?
False
Is 5718763 a composite number?
False
Is 936827 a composite number?
False
Is 63269137 a composite number?
True
Is 1687937 prime?
True
Is 97624757 a prime number?
True
Is 6506153 a prime number?
False
Is 1843261 composite?
True
Is 142619101 a composite number?
False
Is 15836647 prime?
True
Is 291949681 prime?
True
Is 51752747 a composite number?
False
Is 140339 prime?
True
Is 167206931 prime?
False
Is 6920189 prime?
True
Is 101926131 a composite number?
True
Is 4405097 a prime number?
True
Is 161057005 a prime number?
False
Is 5541 prime?
False
Is 138117593 composite?
True
Is 209132359 composite?
False
Is 58772449 a composite number?
False
Is 17129027 prime?
True
Is 10392901 a composite number?
False
Is 14721197 a composite number?
False
Is 156051121 a composite number?
False
Is 40884049 a prime number?
False
Is 1209181 composite?
False
Is 2440133 a composite number?
True
Is 224871961 prime?
True
Is 317513383 prime?
False
Is 46340153 prime?
True
Is 78434969 a prime number?
True
Is 38871071 a composite number?
False
Is 7272723 composite?
True
Is 699367 a prime number?
True
Is 27487939 composite?
False
Is 43727479 composite?
False
Is 20541523 a prime number?
True
Is 30577389 a composite number?
True
Is 41325109 a composite number?
True
Is 3928487 a composite number?
False
Is 44526409 composite?
False
Is 1023551 a prime number?
True
Is 32138861 a prime number?
False
Is 20050787 a prime number?
True
Is 601117 a composite number?
True
Is 86947691 a composite number?
True
Is 31217467 composite?
False
Is 1147561 a prime number?
True
Is 374285 a composite number?
True
Is 5509549 a composite number?
False
Is 122631611 a composite number?
False
Is 702239 a prime number?
True
Is 833243 a composite number?
True
Is 57964703 composite?
False
Is 59280827 a composite number?
False
Is 48076921 composite?
True
Is 20195407 a composite number?
True
Is 3234599 prime?
True
Is 134992149 a composite number?
True
Is 585719 a composite number?
True
Is 74243711 prime?
False
Is 12673847 composite?
False
Is 75822949 prime?
True
Is 2305607 composite?
False
Is 147163811 composite?
False
Is 4394879 prime?
True
Is 11565457 a composite number?
True
Is 5008259 a composite number?
False
Is 1899827 prime?
True
Is 5725081 composite?
False
Is 513589 a prime number?
False
Is 256928641 prime?
True
Is 31517231 composite?
False
Is 48879287 a composite number?
False
Is 644611 a prime number?
False
Is 335415139 a composite number?
False
Is 31519877 composite?
False
Is 443774603 composite?
False
Is 159787 a prime number?
True
Is 1854485 a prime number?
False
Is 864061867 a prime number?
False
Is 160196713 a prime number?
True
Is 2025467 a prime number?
True
Is 167088379 a prime number?
False
Is 18425971 prime?
True
Is 115350713 prime?
False
Is 54989279 a composite number?
False
Is 9593999 prime?
False
Is 95357809 composite?
True
Is 5145871 a composite number?
False
Is 260268481 a prime number?
False
Is 1067326993 a composite number?
True
Is 3669761 prime?
True
Is 5727173 a prime number?
False
Is 38747 a composite number?
False
Is 67436669 composite?
False
Is 7873931 a prime number?
False
Is 32314757 composite?
False
Is 1591207 composite?
False
Is 102289679 prime?
True
Is 3451057 a prime number?
False
Is 91305607 composite?
True
Is 2678783 prime?
False
Is 39298279 prime?
True
Is 20571 a composite number?
True
Is 6508013 composite?
True
Is 705477527 a composite number?
True
Is 806941 prime?
True
Is 58902091 composite?
False
Is 17702291 composite?
False
Is 924139 a composite number?
False
Is 29384587 a composite number?
False
Is 81921061 a prime number?
True
Is 230760161 a composite number?
False
Is 216606083 composite?
True
Is 991127 a composite number?
False
Is 124963793 a composite number?
False
Is 40174363 composite?
False
Is 1571023 a prime number?
True
Is 702882737 a composite number?
True
Is 2915699 a prime number?
True
Is 1180270631 a composite number?
False
Is 516109 prime?
False
Is 253682873 a prime number?
True
Is 106966439 a composite number?
False
Is 1769933 a composite number?
True
Is 603701 a prime number?
False
Is 555583867 composite?
True
Is 64699301 a prime number?
False
Is 75569759 prime?
True
Is 4364627 prime?
False
Is 56080019 composite?
True
Is 458829923 composite?
False
Is 62619581 composite?
False
Is 175698167 a prime number?
True
Is 1615127 a prime number?
False
Is 14354911 prime?
True
Is 1731701 composite?
False
Is 2552761 a composite number?
False
Is 10067699 prime?
True
Is 75961313 a prime number?
False
Is 681140459 a composite number?
False
Is 411031 a composite number?
False
Is 3956039 composite?
True
Is 6109055 prime?
False
Is 2095913 prime?
False
Is 4822613 prime?
False
Is 207246701 a prime number?
True
Is 1599397 composite?
True
Is 314801673 a composite number?
True
Is 468406853 composite?
True
Is 788386457 composite?
False
Is 310364671 a composite number?
False
Is 2507909 a prime number?
True
Is 878321 prime?
False
Is 260863097 prime?
False
Is 429414431 a prime number?
True
Is 26105153 a prime number?
True
Is 14006087 a prime number?
False
Is 4555531 a composite number?
True
Is 36625189 a composite number?
False
Is 21780613 composite?
False
Is 4361059 composite?
True
Is 124529 composite?
False
Is 1278701 a composite number?
False
Is 57925641 composite?
True
Is 1170679 composite?
False
Is 740449165 composite?
True
Is 14806823 a prime number?
False
Is 17148269 composite?
False
